is the highest common factor of 105996 and 7008?
876
Calculate the greatest common divisor of 35212 and 12.
4
What is the greatest common factor of 1808 and 38759?
113
What is the greatest common divisor of 1792 and 1244992?
448
What is the highest common divisor of 116026 and 2?
2
What is the greatest common factor of 697933 and 215?
43
Calculate the greatest common factor of 70670 and 4070.
370
What is the highest common divisor of 1595675 and 50?
25
What is the highest common divisor of 30 and 212565?
15
What is the greatest common factor of 3484 and 3855046?
1742
Calculate the highest common divisor of 6 and 100629.
3
Calculate the highest common factor of 3151015 and 985.
985
Calculate the highest common factor of 7977 and 6.
3
Calculate the greatest common factor of 48007 and 183.
61
What is the greatest common divisor of 98085 and 1560?
195
What is the greatest common factor of 19 and 3401?
19
Calculate the highest common factor of 8720 and 64.
16
Calculate the greatest common divisor of 66248 and 490.
98
What is the greatest common factor of 765 and 59823?
153
Calculate the greatest common factor of 2739 and 489783.
249
What is the highest common factor of 1664313 and 21?
21
What is the highest common factor of 20 and 23770?
10
Calculate the highest common factor of 25645 and 230.
115
What is the greatest common factor of 1967 and 3?
1
What is the greatest common divisor of 32 and 598640?
16
What is the highest common divisor of 2179932 and 1239?
177
Calculate the greatest common factor of 397866 and 6.
6
Calculate the greatest common factor of 9 and 4508316.
9
What is the highest common divisor of 422 and 178?
2
Calculate the highest common divisor of 324658 and 542.
542
What is the greatest common divisor of 1089795 and 97?
97
Calculate the highest common divisor of 42 and 199608.
6
What is the greatest common divisor of 257923 and 194?
97
What is the highest common factor of 522 and 54781?
29
What is the greatest common divisor of 6585 and 915?
15
What is the greatest common factor of 1770 and 3138?
6
What is the greatest common factor of 48 and 5106?
6
What is the highest common divisor of 36 and 540340?
4
What is the greatest common divisor of 14023 and 18571?
379
Calculate the greatest common factor of 26 and 146.
2
What is the greatest common divisor of 28 and 580?
4
What is the highest common divisor of 296 and 21238?
74
What is the highest common factor of 48 and 548272?
16
What is the greatest common factor of 12827 and 16867?
101
What is the greatest common factor of 258 and 402?
6
Calculate the highest common divisor of 266 and 212401.
133
Calculate the greatest common divisor of 140 and 50785.
35
What is the highest common factor of 212 and 278409?
53
Calculate the highest common divisor of 3038 and 446978.
98
What is the greatest common factor of 560 and 94?
2
What is the greatest common factor of 576 and 29688?
24
Calculate the greatest common factor of 744216 and 2904.
264
What is the highest common divisor of 14526 and 459?
27
Calculate the highest common factor of 1392 and 93322.
58
What is the highest common factor of 692 and 44807?
173
What is the highest common factor of 24 and 968?
8
Calculate the greatest common factor of 128247 and 7161.
651
What is the greatest common divisor of 10688 and 544?
32
Calculate the highest common divisor of 56 and 75852.
28
Calculate the highest common divisor of 1073632 and 64.
32
What is the greatest common factor of 107015 and 170?
85
Calculate the highest common factor of 449735 and 148.
37
Calculate the greatest common factor of 18786 and 119382.
606
What is the greatest common divisor of 110 and 190?
10
What is the greatest common factor of 644 and 14651?
161
What is the highest common factor of 36 and 151884?
36
Calculate the greatest common factor of 4656 and 731574.
582
What is the highest common divisor of 8008 and 390?
26
Calculate the highest common factor of 40478 and 888.
74
Calculate the highest common divisor of 5313 and 1232.
77
What is the greatest common factor of 256 and 34240?
64
What is the greatest common factor of 387869 and 37126?
977
What is the highest common factor of 150 and 8450?
50
Calculate the highest common divisor of 39 and 4263831.
39
What is the highest common factor of 101932 and 2108?
68
What is the greatest common factor of 211547 and 1316?
329
What is the highest common factor of 1923843 and 41?
41
Calculate the highest common factor of 24 and 164676.
12
Calculate the greatest common factor of 24227 and 2555.
7
Calculate the greatest common factor of 2088 and 4248.
72
Calculate the greatest common factor of 154 and 51722.
22
What is the greatest common divisor of 12 and 172428?
12
What is the greatest common divisor of 3222 and 22?
2
What is the greatest common divisor of 12 and 143540?
4
Calculate the greatest common factor of 628884 and 324.
324
What is the greatest common factor of 180 and 2060?
20
Calculate the highest common factor of 1044 and 837.
9
What is the highest common divisor of 48 and 15324?
12
Calculate the greatest common factor of 71 and 464.
1
Calculate the highest common factor of 10 and 5482.
2
Calculate the greatest common factor of 1176 and 4536.
168
Calculate the highest common factor of 112009 and 101.
101
What is the greatest common divisor of 2678 and 103?
103
What is the greatest common divisor of 12 and 2679108?
12
What is the greatest common factor of 473838 and 906?
906
Calculate the highest common divisor of 40981 and 321.
107
What is the highest common factor of 4814 and 4?
2
What is the highest common divisor of 68 and 489906?
34
Calculate the greatest common factor of 374493 and 476.
119
What is the highest common divisor of 69 and 356109?
69
Calculate the highest common factor of 33 and 1696629.
33
What is the highest common factor of 481586 and 574?
574
Calculate the greatest common factor of 373610 and 30.
10
Calculate the highest common factor of 27843 and 12.
3
Calculate the greatest common factor of 2000 and 113200.
400
What is the greatest common divisor of 25425 and 675?
225
Calculate the greatest common divisor of 303 and 12928.
101
Calculate the highest common factor of 231 and 11865.
21
What is the greatest common divisor of 279 and 87203?
31
What is the highest common divisor of 133110 and 145?
145
What is the highest common factor of 29130 and 1390?
10
What is the greatest common factor of 4664 and 8888?
88
Calculate the highest common factor of 28176 and 600.
24
Calculate the highest common factor of 31775 and 4920.
205
What is the highest common divisor of 4 and 8061368?
4
What is the greatest common factor of 9180 and 2652?
204
Calculate the greatest common divisor of 11 and 12893.
1
What is the greatest common factor of 2900 and 98426?
58
Calculate the highest common factor of 24791 and 39.
13
What is the greatest common divisor of 6336 and 7326?
198
What is the highest common factor of 3479 and 3?
1
Calculate the greatest common divisor of 6769 and 4.
1
Calculate the greatest common divisor of 12 and 783.
3
What is the highest common divisor of 326616 and 279?
93
Calculate the greatest common divisor of 2214 and 37556.
82
Calculate the greatest common divisor of 3199 and 37017.
457
What is the highest common divisor of 897 and 3822?
39
Calculate the highest common factor of 176120 and 140.
140
What is the highest common divisor of 121 and 499609?
121
What is the greatest common divisor of 38696 and 42?
14
What is the greatest common divisor of 107 and 103469?
107
What is the highest common divisor of 583466 and 26?
26
What is the greatest common divisor of 609718 and 498?
166
What is the highest common factor of 154348 and 26132?
188
What is the highest common divisor of 54 and 13356?
18
Calculate the highest common divisor of 576 and 12186.
18
Calculate the highest common divisor of 7714 and 154.
14
Calculate the highest common divisor of 7 and 83321.
7
What is the highest common divisor of 324720 and 3465?
495
Calculate the greatest common factor of 2 and 7082.
2
What is the highest common factor of 88 and 141896?
8
Calculate the highest common divisor of 2289 and 3591.
21
What is the greatest common factor of 60 and 81390?
30
What is the highest common divisor of 220 and 93445?
55
C